{"id":1021,"date":"2022-07-15T05:26:41","date_gmt":"2022-07-15T05:26:41","guid":{"rendered":"https:\/\/clinicavilaparc.es\/politica-de-calidad\/"},"modified":"2023-09-25T05:49:56","modified_gmt":"2023-09-25T05:49:56","slug":"politica-de-calidad","status":"publish","type":"page","link":"https:\/\/clinicavilaparc.es\/ca\/politica-de-calidad\/","title":{"rendered":"Pol\u00edtica de qualitat"},"content":{"rendered":"\t\t<div data-elementor-type=\"wp-page\" data-elementor-id=\"1021\" class=\"elementor elementor-1021 elementor-990\" data-elementor-post-type=\"page\">\n\t\t\t\t\t\t<section class=\"elementor-section elementor-top-section elementor-element elementor-element-500d540 elementor-section-boxed elementor-section-height-default elementor-section-height-default\" data-id=\"500d540\" data-element_type=\"section\" data-e-type=\"section\" data-settings=\"{&quot;background_background&quot;:&quot;classic&quot;}\">\n\t\t\t\t\t\t\t<div class=\"elementor-background-overlay\"><\/div>\n\t\t\t\t\t\t\t<div class=\"elementor-container elementor-column-gap-default\">\n\t\t\t\t\t<div class=\"elementor-column elementor-col-100 elementor-top-column elementor-element elementor-element-102e6b6\" data-id=\"102e6b6\" data-element_type=\"column\" data-e-type=\"column\">\n\t\t\t<div class=\"elementor-widget-wrap elementor-element-populated\">\n\t\t\t\t\t\t<div class=\"elementor-element elementor-element-1e5a46b elementor-widget elementor-widget-heading\" data-id=\"1e5a46b\" data-element_type=\"widget\" data-e-type=\"widget\" data-widget_type=\"heading.default\">\n\t\t\t\t<div class=\"elementor-widget-container\">\n\t\t\t\t\t<h1 class=\"elementor-heading-title elementor-size-xxl\">Pol\u00edtica de qualitat<\/h1>\t\t\t\t<\/div>\n\t\t\t\t<\/div>\n\t\t\t\t<div class=\"elementor-element elementor-element-9c69812 elementor-widget-divider--view-line elementor-invisible elementor-widget elementor-widget-divider\" data-id=\"9c69812\" data-element_type=\"widget\" data-e-type=\"widget\" data-settings=\"{&quot;_animation&quot;:&quot;bounceInUp&quot;}\" data-widget_type=\"divider.default\">\n\t\t\t\t<div class=\"elementor-widget-container\">\n\t\t\t\t\t\t\t<div class=\"elementor-divider\">\n\t\t\t<span class=\"elementor-divider-separator\">\n\t\t\t\t\t\t<\/span>\n\t\t<\/div>\n\t\t\t\t\t\t<\/div>\n\t\t\t\t<\/div>\n\t\t\t\t\t<\/div>\n\t\t<\/div>\n\t\t\t\t\t<\/div>\n\t\t<\/section>\n\t\t\t\t<section class=\"elementor-section elementor-top-section elementor-element elementor-element-4edb406 elementor-section-boxed elementor-section-height-default elementor-section-height-default\" data-id=\"4edb406\" data-element_type=\"section\" data-e-type=\"section\">\n\t\t\t\t\t\t<div class=\"elementor-container elementor-column-gap-default\">\n\t\t\t\t\t<div class=\"elementor-column elementor-col-100 elementor-top-column elementor-element elementor-element-a72dc96\" data-id=\"a72dc96\" data-element_type=\"column\" data-e-type=\"column\">\n\t\t\t<div class=\"elementor-widget-wrap elementor-element-populated\">\n\t\t\t\t\t\t<div class=\"elementor-element elementor-element-a56e1a9 elementor-widget elementor-widget-text-editor\" data-id=\"a56e1a9\" data-element_type=\"widget\" data-e-type=\"widget\" data-widget_type=\"text-editor.default\">\n\t\t\t\t<div class=\"elementor-widget-container\">\n\t\t\t\t\t\t\t\t\t<p><strong><em>Grupo Policl\u00ednica \u00e9s un grup empresarial l\u00edder en la gesti\u00f3 de serveis sanitaris\u00a0<\/em><\/strong><em>des de l\u2019any 1969.<\/em><\/p>\n<p>Amb m\u00e9s de 50 anys al servei dels ciutadans d\u2019Eivissa i Formentera, sempre ha prevalgut l\u2019inter\u00e8s per la implementaci\u00f3 cont\u00ednua de la tecnologia m\u00e9s avan\u00e7ada, unida a un magn\u00edfic equip professional i a un tractament proper i personalitzat a cada pacient.<\/p>\n<p>Treballem per promoure pol\u00edtiques de seguretat i de qualitat assistencial, orientades a satisfer les necessitats i les expectatives de tots els nostres pacients.<\/p>\n<p>Amb aquest objectiu, a\u00a0<strong>Grupo Policl\u00ednica<\/strong>\u00a0(format per Policl\u00ednica Ntra. Sra. del Rosario, Eiviconsulta, Cl\u00ednica Vila Parc, Logprosa i Cl\u00ednica Premium-Cl\u00ednica Vila Parc) establim, declarem i assumim els principis seg\u00fcents:<\/p>\n<ol>\n<li>La nostra atenci\u00f3 sanit\u00e0ria se centra en els nostres pacients: ens preocupem per la seva seguretat i per la satisfacci\u00f3 de les seves expectatives.<\/li>\n<li>Perseguim la millora cont\u00ednua de la qualitat dels nostres serveis, a trav\u00e9s del funcionament de les diferents comissions cl\u00edniques, que analitzen les nostres dades i la nostra informaci\u00f3, i identifiquen les nostres \u00e0rees de millora.<\/li>\n<li>Complim els requisits legals i les regulacions aplicables al sector, a trav\u00e9s de la Comissi\u00f3 d\u2019\u00c8tica Assistencial i Prevenci\u00f3 de Riscos.<\/li>\n<li>Considerem que el desenvolupament professional de les persones que treballen a\u00a0<strong>Grupo Policl\u00ednica<\/strong>\u00a0\u00e9s un motor imprescindible per a la innovaci\u00f3 i el coneixement. Per aquesta ra\u00f3, la formaci\u00f3 i reciclatge \u00e9s un dels nostres objectius principals.<\/li>\n<li>Considerem essencial per als nostres pacients oferir-los equips moderns, innovadors i adaptats als aven\u00e7os tecnol\u00f2gics.<\/li>\n<li>El nostre servei personalitzat envers els nostres pacients ens permet ser un referent a l\u2019illa d\u2019Eivissa pel que fa a la prestaci\u00f3 de serveis relacionats amb el turisme sanitari; l\u2019amabilitat i la cordialitat s\u00f3n presents en tot moment. Partint d\u2019aquest principi, pretenem transmetre als nostres clients els valors i els pilars de la nostra organitzaci\u00f3, com ara la familiaritat, la responsabilitat, la confian\u00e7a, l\u2019honestedat o transpar\u00e8ncia, la qualitat humana, el respecte, l\u2019\u00e8tica, la superaci\u00f3, l\u2019esfor\u00e7, la confidencialitat i la sostenibilitat. Pensar com a pacient \u00e9s el nostre valor.<\/li>\n<li><strong>Grupo Policl\u00ednica<\/strong>\u00a0prenem les decisions cl\u00edniques fonamentant-nos en una metodologia basada en l\u2019evid\u00e8ncia cient\u00edfica. Utilitzem de forma conscienciosa, assenyada i expl\u00edcita les millors proves disponibles resultants de la investigaci\u00f3 cient\u00edfica a l\u2019hora de decidir sobre la salut dels nostres pacients.<\/li>\n<li>A Grupo Policl\u00ednica oferim als nostres pacients i usuaris la prestaci\u00f3 d\u2019un servei de transport personalitzat, segur i adaptat a les seves necessitats, demandes i expectatives.<\/li>\n<\/ol>\n<p>La nostra Pol\u00edtica de qualitat i seguretat, que serveix de marc de refer\u00e8ncia per a establir i revisar els objectius de qualitat i estrat\u00e8gics, est\u00e0 implantada i actualitzada, i s\u2019ha comunicat a tots els nostres treballadors.<\/p>\n\t\t\t\t\t\t\t\t<\/div>\n\t\t\t\t<\/div>\n\t\t\t\t<div class=\"elementor-element elementor-element-19a50c6 elementor-align-center elementor-widget elementor-widget-button\" data-id=\"19a50c6\" data-element_type=\"widget\" data-e-type=\"widget\" data-widget_type=\"button.default\">\n\t\t\t\t<div class=\"elementor-widget-container\">\n\t\t\t\t\t\t\t\t\t<div class=\"elementor-button-wrapper\">\n\t\t\t\t\t<a class=\"elementor-button elementor-button-link elementor-size-sm\" href=\"https:\/\/www.grupopoliclinica.es\/wp-content\/uploads\/C%C3%B3digo-%C3%89tico-de-Policl%C3%ADnica-Ntra.-Sra.-del-Rosario.pdf\" target=\"_blank\" rel=\"noopener\">\n\t\t\t\t\t\t<span class=\"elementor-button-content-wrapper\">\n\t\t\t\t\t\t\t\t\t<span class=\"elementor-button-text\">Codi \u00e8tic de la Policl\u00ednica Ntra. Sra. del Rosario<\/span>\n\t\t\t\t\t<\/span>\n\t\t\t\t\t<\/a>\n\t\t\t\t<\/div>\n\t\t\t\t\t\t\t\t<\/div>\n\t\t\t\t<\/div>\n\t\t\t\t\t<\/div>\n\t\t<\/div>\n\t\t\t\t\t<\/div>\n\t\t<\/section>\n\t\t\t\t<\/div>\n\t\t","protected":false},"excerpt":{"rendered":"<p>Pol\u00edtica de qualitat Grupo Policl\u00ednica \u00e9s un grup empresarial l\u00edder en la gesti\u00f3 de serveis sanitaris\u00a0des de l\u2019any 1969. Amb m\u00e9s de 50 anys al servei dels ciutadans d\u2019Eivissa i Formentera, sempre ha prevalgut l\u2019inter\u00e8s per la implementaci\u00f3 cont\u00ednua de la tecnologia m\u00e9s avan\u00e7ada, unida a un magn\u00edfic equip professional i a un tractament proper [&hellip;]<\/p>\n","protected":false},"author":1,"featured_media":0,"parent":0,"menu_order":0,"comment_status":"closed","ping_status":"closed","template":"","meta":{"site-sidebar-layout":"no-sidebar","site-content-layout":"page-builder","ast-site-content-layout":"default","site-content-style":"default","site-sidebar-style":"default","ast-global-header-display":"","ast-banner-title-visibility":"","ast-main-header-display":"","ast-hfb-above-header-display":"","ast-hfb-below-header-display":"","ast-hfb-mobile-header-display":"","site-post-title":"disabled","ast-breadcrumbs-content":"","ast-featured-img":"disabled","footer-sml-layout":"","ast-disable-related-posts":"","theme-transparent-header-meta":"","adv-header-id-meta":"","stick-header-meta":"","header-above-stick-meta":"","header-main-stick-meta":"","header-below-stick-meta":"","astra-migrate-meta-layouts":"default","ast-page-background-enabled":"default","ast-page-background-meta":{"desktop":{"background-color":"var(--ast-global-color-4)","background-image":"","background-repeat":"repeat","background-position":"center center","background-size":"auto","background-attachment":"scroll","background-type":"","background-media":"","overlay-type":"","overlay-color":"","overlay-opacity":"","overlay-gradient":""},"tablet":{"background-color":"","background-image":"","background-repeat":"repeat","background-position":"center center","background-size":"auto","background-attachment":"scroll","background-type":"","background-media":"","overlay-type":"","overlay-color":"","overlay-opacity":"","overlay-gradient":""},"mobile":{"background-color":"","background-image":"","background-repeat":"repeat","background-position":"center center","background-size":"auto","background-attachment":"scroll","background-type":"","background-media":"","overlay-type":"","overlay-color":"","overlay-opacity":"","overlay-gradient":""}},"ast-content-background-meta":{"desktop":{"background-color":"var(--ast-global-color-5)","background-image":"","background-repeat":"repeat","background-position":"center center","background-size":"auto","background-attachment":"scroll","background-type":"","background-media":"","overlay-type":"","overlay-color":"","overlay-opacity":"","overlay-gradient":""},"tablet":{"background-color":"var(--ast-global-color-5)","background-image":"","background-repeat":"repeat","background-position":"center center","background-size":"auto","background-attachment":"scroll","background-type":"","background-media":"","overlay-type":"","overlay-color":"","overlay-opacity":"","overlay-gradient":""},"mobile":{"background-color":"var(--ast-global-color-5)","background-image":"","background-repeat":"repeat","background-position":"center center","background-size":"auto","background-attachment":"scroll","background-type":"","background-media":"","overlay-type":"","overlay-color":"","overlay-opacity":"","overlay-gradient":""}},"footnotes":""},"class_list":["post-1021","page","type-page","status-publish","hentry"],"_links":{"self":[{"href":"https:\/\/clinicavilaparc.es\/ca\/wp-json\/wp\/v2\/pages\/1021","targetHints":{"allow":["GET"]}}],"collection":[{"href":"https:\/\/clinicavilaparc.es\/ca\/wp-json\/wp\/v2\/pages"}],"about":[{"href":"https:\/\/clinicavilaparc.es\/ca\/wp-json\/wp\/v2\/types\/page"}],"author":[{"embeddable":true,"href":"https:\/\/clinicavilaparc.es\/ca\/wp-json\/wp\/v2\/users\/1"}],"replies":[{"embeddable":true,"href":"https:\/\/clinicavilaparc.es\/ca\/wp-json\/wp\/v2\/comments?post=1021"}],"version-history":[{"count":0,"href":"https:\/\/clinicavilaparc.es\/ca\/wp-json\/wp\/v2\/pages\/1021\/revisions"}],"wp:attachment":[{"href":"https:\/\/clinicavilaparc.es\/ca\/wp-json\/wp\/v2\/media?parent=1021"}],"curies":[{"name":"wp","href":"https:\/\/api.w.org\/{rel}","templated":true}]}}

Política de qualitat

<div data-elementor-type="wp-page" data-elementor-id="1021" class="elementor elementor-1021 elementor-990" data-elementor-post-type="page">
						<section class="elementor-section elementor-top-section elementor-element elementor-element-500d540 elementor-section-boxed elementor-section-height-default elementor-section-height-default" data-id="500d540" data-element_type="section" data-e-type="section" data-settings="{&quot;background_background&quot;:&quot;classic&quot;}">
							<div class="elementor-background-overlay"></div>
							<div class="elementor-container elementor-column-gap-default">
					<div class="elementor-column elementor-col-100 elementor-top-column elementor-element elementor-element-102e6b6" data-id="102e6b6" data-element_type="column" data-e-type="column">
			<div class="elementor-widget-wrap elementor-element-populated">
						<div class="elementor-element elementor-element-1e5a46b elementor-widget elementor-widget-heading" data-id="1e5a46b" data-element_type="widget" data-e-type="widget" data-widget_type="heading.default">
				<div class="elementor-widget-container">
					<h1 class="elementor-heading-title elementor-size-xxl">Política de qualitat</h1>				</div>
				</div>
				<div class="elementor-element elementor-element-9c69812 elementor-widget-divider--view-line elementor-invisible elementor-widget elementor-widget-divider" data-id="9c69812" data-element_type="widget" data-e-type="widget" data-settings="{&quot;_animation&quot;:&quot;bounceInUp&quot;}" data-widget_type="divider.default">
				<div class="elementor-widget-container">
							<div class="elementor-divider">
			<span class="elementor-divider-separator">
						</span>
		</div>
						</div>
				</div>
					</div>
		</div>
					</div>
		</section>
				<section class="elementor-section elementor-top-section elementor-element elementor-element-4edb406 elementor-section-boxed elementor-section-height-default elementor-section-height-default" data-id="4edb406" data-element_type="section" data-e-type="section">
						<div class="elementor-container elementor-column-gap-default">
					<div class="elementor-column elementor-col-100 elementor-top-column elementor-element elementor-element-a72dc96" data-id="a72dc96" data-element_type="column" data-e-type="column">
			<div class="elementor-widget-wrap elementor-element-populated">
						<div class="elementor-element elementor-element-a56e1a9 elementor-widget elementor-widget-text-editor" data-id="a56e1a9" data-element_type="widget" data-e-type="widget" data-widget_type="text-editor.default">
				<div class="elementor-widget-container">
									<p><strong><em>Grupo Policlínica és un grup empresarial líder en la gestió de serveis sanitaris </em></strong><em>des de l’any 1969.</em></p>
<p>Amb més de 50 anys al servei dels ciutadans d’Eivissa i Formentera, sempre ha prevalgut l’interès per la implementació contínua de la tecnologia més avançada, unida a un magnífic equip professional i a un tractament proper i personalitzat a cada pacient.</p>
<p>Treballem per promoure polítiques de seguretat i de qualitat assistencial, orientades a satisfer les necessitats i les expectatives de tots els nostres pacients.</p>
<p>Amb aquest objectiu, a <strong>Grupo Policlínica</strong> (format per Policlínica Ntra. Sra. del Rosario, Eiviconsulta, Clínica Vila Parc, Logprosa i Clínica Premium-Clínica Vila Parc) establim, declarem i assumim els principis següents:</p>
<ol>
<li>La nostra atenció sanitària se centra en els nostres pacients: ens preocupem per la seva seguretat i per la satisfacció de les seves expectatives.</li>
<li>Perseguim la millora contínua de la qualitat dels nostres serveis, a través del funcionament de les diferents comissions clíniques, que analitzen les nostres dades i la nostra informació, i identifiquen les nostres àrees de millora.</li>
<li>Complim els requisits legals i les regulacions aplicables al sector, a través de la Comissió d’Ètica Assistencial i Prevenció de Riscos.</li>
<li>Considerem que el desenvolupament professional de les persones que treballen a <strong>Grupo Policlínica</strong> és un motor imprescindible per a la innovació i el coneixement. Per aquesta raó, la formació i reciclatge és un dels nostres objectius principals.</li>
<li>Considerem essencial per als nostres pacients oferir-los equips moderns, innovadors i adaptats als avenços tecnològics.</li>
<li>El nostre servei personalitzat envers els nostres pacients ens permet ser un referent a l’illa d’Eivissa pel que fa a la prestació de serveis relacionats amb el turisme sanitari; l’amabilitat i la cordialitat són presents en tot moment. Partint d’aquest principi, pretenem transmetre als nostres clients els valors i els pilars de la nostra organització, com ara la familiaritat, la responsabilitat, la confiança, l’honestedat o transparència, la qualitat humana, el respecte, l’ètica, la superació, l’esforç, la confidencialitat i la sostenibilitat. Pensar com a pacient és el nostre valor.</li>
<li><strong>Grupo Policlínica</strong> prenem les decisions clíniques fonamentant-nos en una metodologia basada en l’evidència científica. Utilitzem de forma conscienciosa, assenyada i explícita les millors proves disponibles resultants de la investigació científica a l’hora de decidir sobre la salut dels nostres pacients.</li>
<li>A Grupo Policlínica oferim als nostres pacients i usuaris la prestació d’un servei de transport personalitzat, segur i adaptat a les seves necessitats, demandes i expectatives.</li>
</ol>
<p>La nostra Política de qualitat i seguretat, que serveix de marc de referència per a establir i revisar els objectius de qualitat i estratègics, està implantada i actualitzada, i s’ha comunicat a tots els nostres treballadors.</p>
								</div>
				</div>
				<div class="elementor-element elementor-element-19a50c6 elementor-align-center elementor-widget elementor-widget-button" data-id="19a50c6" data-element_type="widget" data-e-type="widget" data-widget_type="button.default">
				<div class="elementor-widget-container">
									<div class="elementor-button-wrapper">
					<a class="elementor-button elementor-button-link elementor-size-sm" href="https://www.grupopoliclinica.es/wp-content/uploads/C%C3%B3digo-%C3%89tico-de-Policl%C3%ADnica-Ntra.-Sra.-del-Rosario.pdf" target="_blank" rel="noopener">
						<span class="elementor-button-content-wrapper">
									<span class="elementor-button-text">Codi ètic de la Policlínica Ntra. Sra. del Rosario</span>
					</span>
					</a>
				</div>
								</div>
				</div>
					</div>
		</div>
					</div>
		</section>
				</div>

<p>Política de qualitat Grupo Policlínica és un grup empresarial líder en la gestió de serveis sanitaris des de l’any 1969. Amb més de 50 anys al servei dels ciutadans d’Eivissa i Formentera, sempre ha prevalgut l’interès per la implementació contínua de la tecnologia més avançada, unida a un magnífic equip professional i a un tractament proper [&hellip;]</p>
